{"id":136038,"date":"2022-02-18T10:25:16","date_gmt":"2022-02-18T10:25:16","guid":{"rendered":"https:\/\/www.decolor.com\/?page_id=136038"},"modified":"2026-02-24T07:51:58","modified_gmt":"2026-02-24T07:51:58","slug":"politica-de-calidad-y-gestion-ambiental","status":"publish","type":"page","link":"https:\/\/www.decolor.com\/nl\/politica-de-calidad-y-gestion-ambiental\/","title":{"rendered":"KWALITEITSBELEID EN MILIEUBEHEER"},"content":{"rendered":"<div data-elementor-type=\"wp-page\" data-elementor-id=\"136038\" class=\"elementor elementor-136038\" data-elementor-post-type=\"page\">\n\t\t\t\t\t\t<section data-particle_enable=\"false\" data-particle-mobile-disabled=\"false\" class=\"elementor-section elementor-top-section elementor-element elementor-element-525ac15 elementor-section-boxed elementor-section-height-default elementor-section-height-default\" data-id=\"525ac15\" data-element_type=\"section\">\n\t\t\t\t\t\t\t<div class=\"elementor-background-overlay\"><\/div>\n\t\t\t\t\t\t\t<div class=\"elementor-container elementor-column-gap-default\">\n\t\t\t\t\t<div class=\"elementor-column elementor-col-100 elementor-top-column elementor-element elementor-element-6d7f690\" data-id=\"6d7f690\" data-element_type=\"column\">\n\t\t\t<div class=\"elementor-widget-wrap elementor-element-populated\">\n\t\t\t\t\t\t<div class=\"elementor-element elementor-element-9d723b4 elementor-widget elementor-widget-heading\" data-id=\"9d723b4\" data-element_type=\"widget\" data-widget_type=\"heading.default\">\n\t\t\t\t<div class=\"elementor-widget-container\">\n\t\t\t<h2 class=\"elementor-heading-title elementor-size-default\">KWALITEITSBELEID EN MILIEUBEHEER<\/h2>\t\t<\/div>\n\t\t\t\t<\/div>\n\t\t\t\t\t<\/div>\n\t\t<\/div>\n\t\t\t\t\t<\/div>\n\t\t<\/section>\n\t\t\t\t<section data-particle_enable=\"false\" data-particle-mobile-disabled=\"false\" class=\"elementor-section elementor-top-section elementor-element elementor-element-ef710dc elementor-section-boxed elementor-section-height-default elementor-section-height-default\" data-id=\"ef710dc\" data-element_type=\"section\">\n\t\t\t\t\t\t<div class=\"elementor-container elementor-column-gap-default\">\n\t\t\t\t\t<div class=\"elementor-column elementor-col-100 elementor-top-column elementor-element elementor-element-e0e3317\" data-id=\"e0e3317\" data-element_type=\"column\">\n\t\t\t<div class=\"elementor-widget-wrap elementor-element-populated\">\n\t\t\t\t\t\t<div class=\"elementor-element elementor-element-a5f2b87 elementor-widget elementor-widget-text-editor\" data-id=\"a5f2b87\" data-element_type=\"widget\" data-widget_type=\"text-editor.default\">\n\t\t\t\t<div class=\"elementor-widget-container\">\n\t\t\t\t\t\t\t<p data-olk-copy-source=\"MessageBody\">De Algemene Directie van\u00a0<b>VERF<\/b>\u00a0<b>KLEUR<\/b>\u00a0Zich bewust van het groeiende belang van maatschappelijke gevoeligheid met betrekking tot gezondheid en de kwaliteit van producten die tegenwoordig worden geconsumeerd, en daarmee samenhangend een goed milieubeheer, zet het bedrijf zich volledig in voor de implementatie en continue verbetering van zijn GISCA (Ge\u00efntegreerd en Systematisch Kwaliteits- en Milieusysteem) volgens de UNE-EN ISO 9001:2015 en UNE-EN ISO 14001:2015 normen, voor zijn activiteiten als FABRIKANT VAN VERF, VERNISSEN, COATINGS EN SPECIALE BEHANDELINGEN.<\/p><p aria-hidden=\"true\">\u00a0<\/p><p>Deze toezegging wordt expliciet gemaakt als\u00a0<b>Kwaliteit en goed milieubeheer<\/b>\u00a0bij al die acties die gericht zijn op het bereiken van:<\/p><p aria-hidden=\"true\">\u00a0<\/p><ul type=\"disc\"><li>Een continue verbetering van onze producten en diensten.<\/li><li>Voldoen aan de wettelijke eisen die van invloed zijn op onze organisatie en andere eisen die de organisatie onderschrijft met betrekking tot haar milieuaspecten, de eisen van onze klanten, andere belanghebbenden en die van onszelf.<\/li><li>Adequate communicatie en training van het personeel van het bedrijf, evenals hun volledige medewerking.<\/li><li>Toewijding aan het doel van nul fouten door de oorzaken ervan te analyseren, ervan te leren en ze te overwinnen.<\/li><li>Duurzame ontwikkeling, respect voor het milieu en preventie van vervuiling<\/li><li>Dat elke persoon verantwoordelijk is voor de kwaliteit van zijn werk en de bescherming van het milieu, evenals de verificatie ervan volgens de vastgestelde plannen.<\/li><\/ul><p aria-hidden=\"true\">\u00a0<\/p><p>Naarmate we deze aspecten verbeteren, komen we dichter bij ons fundamentele doel.\u201c<b>om volledig te voldoen aan de eisen en verwachtingen van onze klanten<\/b>\u201d.<\/p><p aria-hidden=\"true\">\u00a0<\/p><p>De Algemene Directie van\u00a0<b>VERF<\/b>\u00a0<b>KLEUR<\/b>\u00a0spreekt de vaste verbintenis uit om zijn kwaliteits- en milieubeheerbeleid uit te voeren, evenals om de nodige herzieningen en updates uit te voeren.<\/p><p>\u00a0 \u00a0 \u00a0 \u00a0 \u00a0<\/p><p>La Roda, 7 januari 2021<\/p>\t\t\t\t\t\t<\/div>\n\t\t\t\t<\/div>\n\t\t\t\t\t<\/div>\n\t\t<\/div>\n\t\t\t\t\t<\/div>\n\t\t<\/section>\n\t\t\t\t<\/div>","protected":false},"excerpt":{"rendered":"<p>POLITICA DE CALIDAD Y GESTION AMBIENTAL La Direcci\u00f3n General de\u00a0PINTURAS\u00a0DECOLOR\u00a0consciente de la creciente importancia de la sensibilidad social relacionada con la salud y de la calidad de los productos a consumir en los mercados actuales y, a su vez, \u00a0la correcta gesti\u00f3n medioambiental, est\u00e1 plenamente comprometida con la implantaci\u00f3n y mejora continua de su G.I.S.C.A.&hellip; <a class=\"more-link\" href=\"https:\/\/www.decolor.com\/nl\/politica-de-calidad-y-gestion-ambiental\/\">jij leest groen <span class=\"screen-reader-text\">KWALITEITSBELEID EN MILIEUBEHEER<\/span><\/a><\/p>","protected":false},"author":1,"featured_media":0,"parent":0,"menu_order":0,"comment_status":"closed","ping_status":"closed","template":"elementor_header_footer","meta":{"_acf_changed":false,"footnotes":""},"class_list":["post-136038","page","type-page","status-publish","hentry","entry"],"acf":[],"yoast_head":"<!-- This site is optimized with the Yoast SEO plugin v23.4 - https:\/\/yoast.com\/wordpress\/plugins\/seo\/ -->\n<title>POLITICA DE CALIDAD Y GESTION AMBIENTAL - Decolor<\/title>\n<meta name=\"robots\" content=\"index, follow, max-snippet:-1, max-image-preview:large, max-video-preview:-1\" \/>\n<link rel=\"canonical\" href=\"https:\/\/www.decolor.com\/nl\/politica-de-calidad-y-gestion-ambiental\/\" \/>\n<meta property=\"og:locale\" content=\"nl_NL\" \/>\n<meta property=\"og:type\" content=\"article\" \/>\n<meta property=\"og:title\" content=\"POLITICA DE CALIDAD Y GESTION AMBIENTAL - Decolor\" \/>\n<meta property=\"og:description\" content=\"POLITICA DE CALIDAD Y GESTION AMBIENTAL La Direcci\u00f3n General de\u00a0PINTURAS\u00a0DECOLOR\u00a0consciente de la creciente importancia de la sensibilidad social relacionada con la salud y de la calidad de los productos a consumir en los mercados actuales y, a su vez, \u00a0la correcta gesti\u00f3n medioambiental, est\u00e1 plenamente comprometida con la implantaci\u00f3n y mejora continua de su G.I.S.C.A.&hellip; Lees verder POLITICA DE CALIDAD Y GESTION AMBIENTAL\" \/>\n<meta property=\"og:url\" content=\"https:\/\/www.decolor.com\/nl\/politica-de-calidad-y-gestion-ambiental\/\" \/>\n<meta property=\"og:site_name\" content=\"Decolor\" \/>\n<meta property=\"article:modified_time\" content=\"2026-02-24T07:51:58+00:00\" \/>\n<meta name=\"twitter:card\" content=\"summary_large_image\" \/>\n<meta name=\"twitter:label1\" content=\"Geschatte leestijd\" \/>\n\t<meta name=\"twitter:data1\" content=\"2 minuten\" \/>\n<script type=\"application\/ld+json\" class=\"yoast-schema-graph\">{\"@context\":\"https:\/\/schema.org\",\"@graph\":[{\"@type\":\"WebPage\",\"@id\":\"https:\/\/www.decolor.com\/es\/politica-de-calidad-y-gestion-ambiental\/\",\"url\":\"https:\/\/www.decolor.com\/es\/politica-de-calidad-y-gestion-ambiental\/\",\"name\":\"POLITICA DE CALIDAD Y GESTION AMBIENTAL - Decolor\",\"isPartOf\":{\"@id\":\"https:\/\/www.decolor.com\/it\/#website\"},\"datePublished\":\"2022-02-18T10:25:16+00:00\",\"dateModified\":\"2026-02-24T07:51:58+00:00\",\"breadcrumb\":{\"@id\":\"https:\/\/www.decolor.com\/es\/politica-de-calidad-y-gestion-ambiental\/#breadcrumb\"},\"inLanguage\":\"nl-NL\",\"potentialAction\":[{\"@type\":\"ReadAction\",\"target\":[\"https:\/\/www.decolor.com\/es\/politica-de-calidad-y-gestion-ambiental\/\"]}]},{\"@type\":\"BreadcrumbList\",\"@id\":\"https:\/\/www.decolor.com\/es\/politica-de-calidad-y-gestion-ambiental\/#breadcrumb\",\"itemListElement\":[{\"@type\":\"ListItem\",\"position\":1,\"name\":\"Home\",\"item\":\"https:\/\/www.decolor.com\/\"},{\"@type\":\"ListItem\",\"position\":2,\"name\":\"POLITICA DE CALIDAD Y GESTION AMBIENTAL\"}]},{\"@type\":\"WebSite\",\"@id\":\"https:\/\/www.decolor.com\/it\/#website\",\"url\":\"https:\/\/www.decolor.com\/it\/\",\"name\":\"Decolor\",\"description\":\"Web Decolor\",\"publisher\":{\"@id\":\"https:\/\/www.decolor.com\/it\/#organization\"},\"potentialAction\":[{\"@type\":\"SearchAction\",\"target\":{\"@type\":\"EntryPoint\",\"urlTemplate\":\"https:\/\/www.decolor.com\/it\/?s={search_term_string}\"},\"query-input\":{\"@type\":\"PropertyValueSpecification\",\"valueRequired\":true,\"valueName\":\"search_term_string\"}}],\"inLanguage\":\"nl-NL\"},{\"@type\":\"Organization\",\"@id\":\"https:\/\/www.decolor.com\/it\/#organization\",\"name\":\"Decolor\",\"url\":\"https:\/\/www.decolor.com\/it\/\",\"logo\":{\"@type\":\"ImageObject\",\"inLanguage\":\"nl-NL\",\"@id\":\"https:\/\/www.decolor.com\/it\/#\/schema\/logo\/image\/\",\"url\":\"https:\/\/www.decolor.com\/wp-content\/uploads\/2021\/02\/marca_principal_pinturas_decolor_color.png\",\"contentUrl\":\"https:\/\/www.decolor.com\/wp-content\/uploads\/2021\/02\/marca_principal_pinturas_decolor_color.png\",\"width\":1588,\"height\":421,\"caption\":\"Decolor\"},\"image\":{\"@id\":\"https:\/\/www.decolor.com\/it\/#\/schema\/logo\/image\/\"}}]}<\/script>\n<!-- \/ Yoast SEO plugin. -->","yoast_head_json":{"title":"POLITICA DE CALIDAD Y GESTION AMBIENTAL - Decolor","robots":{"index":"index","follow":"follow","max-snippet":"max-snippet:-1","max-image-preview":"max-image-preview:large","max-video-preview":"max-video-preview:-1"},"canonical":"https:\/\/www.decolor.com\/nl\/politica-de-calidad-y-gestion-ambiental\/","og_locale":"nl_NL","og_type":"article","og_title":"POLITICA DE CALIDAD Y GESTION AMBIENTAL - Decolor","og_description":"POLITICA DE CALIDAD Y GESTION AMBIENTAL La Direcci\u00f3n General de\u00a0PINTURAS\u00a0DECOLOR\u00a0consciente de la creciente importancia de la sensibilidad social relacionada con la salud y de la calidad de los productos a consumir en los mercados actuales y, a su vez, \u00a0la correcta gesti\u00f3n medioambiental, est\u00e1 plenamente comprometida con la implantaci\u00f3n y mejora continua de su G.I.S.C.A.&hellip; Lees verder POLITICA DE CALIDAD Y GESTION AMBIENTAL","og_url":"https:\/\/www.decolor.com\/nl\/politica-de-calidad-y-gestion-ambiental\/","og_site_name":"Decolor","article_modified_time":"2026-02-24T07:51:58+00:00","twitter_card":"summary_large_image","twitter_misc":{"Geschatte leestijd":"2 minuten"},"schema":{"@context":"https:\/\/schema.org","@graph":[{"@type":"WebPage","@id":"https:\/\/www.decolor.com\/es\/politica-de-calidad-y-gestion-ambiental\/","url":"https:\/\/www.decolor.com\/es\/politica-de-calidad-y-gestion-ambiental\/","name":"POLITICA DE CALIDAD Y GESTION AMBIENTAL - Decolor","isPartOf":{"@id":"https:\/\/www.decolor.com\/it\/#website"},"datePublished":"2022-02-18T10:25:16+00:00","dateModified":"2026-02-24T07:51:58+00:00","breadcrumb":{"@id":"https:\/\/www.decolor.com\/es\/politica-de-calidad-y-gestion-ambiental\/#breadcrumb"},"inLanguage":"nl-NL","potentialAction":[{"@type":"ReadAction","target":["https:\/\/www.decolor.com\/es\/politica-de-calidad-y-gestion-ambiental\/"]}]},{"@type":"BreadcrumbList","@id":"https:\/\/www.decolor.com\/es\/politica-de-calidad-y-gestion-ambiental\/#breadcrumb","itemListElement":[{"@type":"ListItem","position":1,"name":"Home","item":"https:\/\/www.decolor.com\/"},{"@type":"ListItem","position":2,"name":"POLITICA DE CALIDAD Y GESTION AMBIENTAL"}]},{"@type":"WebSite","@id":"https:\/\/www.decolor.com\/it\/#website","url":"https:\/\/www.decolor.com\/it\/","name":"Kleur","description":"Web ontkleuren","publisher":{"@id":"https:\/\/www.decolor.com\/it\/#organization"},"potentialAction":[{"@type":"SearchAction","target":{"@type":"EntryPoint","urlTemplate":"https:\/\/www.decolor.com\/it\/?s={search_term_string}"},"query-input":{"@type":"PropertyValueSpecification","valueRequired":true,"valueName":"search_term_string"}}],"inLanguage":"nl-NL"},{"@type":"Organization","@id":"https:\/\/www.decolor.com\/it\/#organization","name":"Kleur","url":"https:\/\/www.decolor.com\/it\/","logo":{"@type":"ImageObject","inLanguage":"nl-NL","@id":"https:\/\/www.decolor.com\/it\/#\/schema\/logo\/image\/","url":"https:\/\/www.decolor.com\/wp-content\/uploads\/2021\/02\/marca_principal_pinturas_decolor_color.png","contentUrl":"https:\/\/www.decolor.com\/wp-content\/uploads\/2021\/02\/marca_principal_pinturas_decolor_color.png","width":1588,"height":421,"caption":"Decolor"},"image":{"@id":"https:\/\/www.decolor.com\/it\/#\/schema\/logo\/image\/"}}]}},"_links":{"self":[{"href":"https:\/\/www.decolor.com\/nl\/wp-json\/wp\/v2\/pages\/136038"}],"collection":[{"href":"https:\/\/www.decolor.com\/nl\/wp-json\/wp\/v2\/pages"}],"about":[{"href":"https:\/\/www.decolor.com\/nl\/wp-json\/wp\/v2\/types\/page"}],"author":[{"embeddable":true,"href":"https:\/\/www.decolor.com\/nl\/wp-json\/wp\/v2\/users\/1"}],"replies":[{"embeddable":true,"href":"https:\/\/www.decolor.com\/nl\/wp-json\/wp\/v2\/comments?post=136038"}],"version-history":[{"count":3,"href":"https:\/\/www.decolor.com\/nl\/wp-json\/wp\/v2\/pages\/136038\/revisions"}],"predecessor-version":[{"id":151674,"href":"https:\/\/www.decolor.com\/nl\/wp-json\/wp\/v2\/pages\/136038\/revisions\/151674"}],"wp:attachment":[{"href":"https:\/\/www.decolor.com\/nl\/wp-json\/wp\/v2\/media?parent=136038"}],"curies":[{"name":"wp","href":"https:\/\/api.w.org\/{rel}","templated":true}]}}

<div data-elementor-type="wp-page" data-elementor-id="136038" class="elementor elementor-136038" data-elementor-post-type="page">
						<section data-particle_enable="false" data-particle-mobile-disabled="false" class="elementor-section elementor-top-section elementor-element elementor-element-525ac15 elementor-section-boxed elementor-section-height-default elementor-section-height-default" data-id="525ac15" data-element_type="section">
							<div class="elementor-background-overlay"></div>
							<div class="elementor-container elementor-column-gap-default">
					<div class="elementor-column elementor-col-100 elementor-top-column elementor-element elementor-element-6d7f690" data-id="6d7f690" data-element_type="column">
			<div class="elementor-widget-wrap elementor-element-populated">
						<div class="elementor-element elementor-element-9d723b4 elementor-widget elementor-widget-heading" data-id="9d723b4" data-element_type="widget" data-widget_type="heading.default">
				<div class="elementor-widget-container">
			<h2 class="elementor-heading-title elementor-size-default">KWALITEITSBELEID EN MILIEUBEHEER</h2>		</div>
				</div>
					</div>
		</div>
					</div>
		</section>
				<section data-particle_enable="false" data-particle-mobile-disabled="false" class="elementor-section elementor-top-section elementor-element elementor-element-ef710dc elementor-section-boxed elementor-section-height-default elementor-section-height-default" data-id="ef710dc" data-element_type="section">
						<div class="elementor-container elementor-column-gap-default">
					<div class="elementor-column elementor-col-100 elementor-top-column elementor-element elementor-element-e0e3317" data-id="e0e3317" data-element_type="column">
			<div class="elementor-widget-wrap elementor-element-populated">
						<div class="elementor-element elementor-element-a5f2b87 elementor-widget elementor-widget-text-editor" data-id="a5f2b87" data-element_type="widget" data-widget_type="text-editor.default">
				<div class="elementor-widget-container">
							<p data-olk-copy-source="MessageBody">De Algemene Directie van <b>VERF</b> <b>KLEUR</b> Zich bewust van het groeiende belang van maatschappelijke gevoeligheid met betrekking tot gezondheid en de kwaliteit van producten die tegenwoordig worden geconsumeerd, en daarmee samenhangend een goed milieubeheer, zet het bedrijf zich volledig in voor de implementatie en continue verbetering van zijn GISCA (Geïntegreerd en Systematisch Kwaliteits- en Milieusysteem) volgens de UNE-EN ISO 9001:2015 en UNE-EN ISO 14001:2015 normen, voor zijn activiteiten als FABRIKANT VAN VERF, VERNISSEN, COATINGS EN SPECIALE BEHANDELINGEN.</p><p aria-hidden="true"> </p><p>Deze toezegging wordt expliciet gemaakt als <b>Kwaliteit en goed milieubeheer</b> bij al die acties die gericht zijn op het bereiken van:</p><p aria-hidden="true"> </p><ul type="disc"><li>Een continue verbetering van onze producten en diensten.</li><li>Voldoen aan de wettelijke eisen die van invloed zijn op onze organisatie en andere eisen die de organisatie onderschrijft met betrekking tot haar milieuaspecten, de eisen van onze klanten, andere belanghebbenden en die van onszelf.</li><li>Adequate communicatie en training van het personeel van het bedrijf, evenals hun volledige medewerking.</li><li>Toewijding aan het doel van nul fouten door de oorzaken ervan te analyseren, ervan te leren en ze te overwinnen.</li><li>Duurzame ontwikkeling, respect voor het milieu en preventie van vervuiling</li><li>Dat elke persoon verantwoordelijk is voor de kwaliteit van zijn werk en de bescherming van het milieu, evenals de verificatie ervan volgens de vastgestelde plannen.</li></ul><p aria-hidden="true"> </p><p>Naarmate we deze aspecten verbeteren, komen we dichter bij ons fundamentele doel.“<b>om volledig te voldoen aan de eisen en verwachtingen van onze klanten</b>”.</p><p aria-hidden="true"> </p><p>De Algemene Directie van <b>VERF</b> <b>KLEUR</b> spreekt de vaste verbintenis uit om zijn kwaliteits- en milieubeheerbeleid uit te voeren, evenals om de nodige herzieningen en updates uit te voeren.</p><p>         </p><p>La Roda, 7 januari 2021</p>						</div>
				</div>
					</div>
		</div>
					</div>
		</section>
				</div>

<p>POLITICA DE CALIDAD Y GESTION AMBIENTAL La Dirección General de PINTURAS DECOLOR consciente de la creciente importancia de la sensibilidad social relacionada con la salud y de la calidad de los productos a consumir en los mercados actuales y, a su vez,  la correcta gestión medioambiental, está plenamente comprometida con la implantación y mejora continua de su G.I.S.C.A.&hellip; <a class="more-link" href="https://www.decolor.com/nl/politica-de-calidad-y-gestion-ambiental/">jij leest groen <span class="screen-reader-text">KWALITEITSBELEID EN MILIEUBEHEER</span></a></p>

<!-- This site is optimized with the Yoast SEO plugin v23.4 - https://yoast.com/wordpress/plugins/seo/ -->
<title>POLITICA DE CALIDAD Y GESTION AMBIENTAL - Decolor</title>
<meta name="robots" content="index, follow, max-snippet:-1, max-image-preview:large, max-video-preview:-1" />
<link rel="canonical" href="https://www.decolor.com/nl/politica-de-calidad-y-gestion-ambiental/" />
<meta property="og:locale" content="nl_NL" />
<meta property="og:type" content="article" />
<meta property="og:title" content="POLITICA DE CALIDAD Y GESTION AMBIENTAL - Decolor" />
<meta property="og:description" content="POLITICA DE CALIDAD Y GESTION AMBIENTAL La Dirección General de PINTURAS DECOLOR consciente de la creciente importancia de la sensibilidad social relacionada con la salud y de la calidad de los productos a consumir en los mercados actuales y, a su vez,  la correcta gestión medioambiental, está plenamente comprometida con la implantación y mejora continua de su G.I.S.C.A.&hellip; Lees verder POLITICA DE CALIDAD Y GESTION AMBIENTAL" />
<meta property="og:url" content="https://www.decolor.com/nl/politica-de-calidad-y-gestion-ambiental/" />
<meta property="og:site_name" content="Decolor" />
<meta property="article:modified_time" content="2026-02-24T07:51:58+00:00" />
<meta name="twitter:card" content="summary_large_image" />
<meta name="twitter:label1" content="Geschatte leestijd" />
	<meta name="twitter:data1" content="2 minuten" />
<script type="application/ld+json" class="yoast-schema-graph">{"@context":"https://schema.org","@graph":[{"@type":"WebPage","@id":"https://www.decolor.com/es/politica-de-calidad-y-gestion-ambiental/","url":"https://www.decolor.com/es/politica-de-calidad-y-gestion-ambiental/","name":"POLITICA DE CALIDAD Y GESTION AMBIENTAL - Decolor","isPartOf":{"@id":"https://www.decolor.com/it/#website"},"datePublished":"2022-02-18T10:25:16+00:00","dateModified":"2026-02-24T07:51:58+00:00","breadcrumb":{"@id":"https://www.decolor.com/es/politica-de-calidad-y-gestion-ambiental/#breadcrumb"},"inLanguage":"nl-NL","potentialAction":[{"@type":"ReadAction","target":["https://www.decolor.com/es/politica-de-calidad-y-gestion-ambiental/"]}]},{"@type":"BreadcrumbList","@id":"https://www.decolor.com/es/politica-de-calidad-y-gestion-ambiental/#breadcrumb","itemListElement":[{"@type":"ListItem","position":1,"name":"Home","item":"https://www.decolor.com/"},{"@type":"ListItem","position":2,"name":"POLITICA DE CALIDAD Y GESTION AMBIENTAL"}]},{"@type":"WebSite","@id":"https://www.decolor.com/it/#website","url":"https://www.decolor.com/it/","name":"Decolor","description":"Web Decolor","publisher":{"@id":"https://www.decolor.com/it/#organization"},"potentialAction":[{"@type":"SearchAction","target":{"@type":"EntryPoint","urlTemplate":"https://www.decolor.com/it/?s={search_term_string}"},"query-input":{"@type":"PropertyValueSpecification","valueRequired":true,"valueName":"search_term_string"}}],"inLanguage":"nl-NL"},{"@type":"Organization","@id":"https://www.decolor.com/it/#organization","name":"Decolor","url":"https://www.decolor.com/it/","logo":{"@type":"ImageObject","inLanguage":"nl-NL","@id":"https://www.decolor.com/it/#/schema/logo/image/","url":"https://www.decolor.com/wp-content/uploads/2021/02/marca_principal_pinturas_decolor_color.png","contentUrl":"https://www.decolor.com/wp-content/uploads/2021/02/marca_principal_pinturas_decolor_color.png","width":1588,"height":421,"caption":"Decolor"},"image":{"@id":"https://www.decolor.com/it/#/schema/logo/image/"}}]}</script>
<!-- / Yoast SEO plugin. -->

POLITICA DE CALIDAD Y GESTION AMBIENTAL La Dirección General de PINTURAS DECOLOR consciente de la creciente importancia de la sensibilidad social relacionada con la salud y de la calidad de los productos a consumir en los mercados actuales y, a su vez,  la correcta gestión medioambiental, está plenamente comprometida con la implantación y mejora continua de su G.I.S.C.A.&hellip; Lees verder POLITICA DE CALIDAD Y GESTION AMBIENTAL
